-- http://www.phpmyadmin.net
--
-- Erstellungszeit: 27. Sep 2016 um 17:48
-- Server-Version: 10.1.10-MariaDB
-- PHP-Version: 7.0.4


--
-- Datenbank: `engelsystem`
--

-- --------------------------------------------------------

--
-- Tabellenstruktur für Tabelle `AngelTypes`
--

CREATE TABLE `AngelTypes` (
  `id` int(11) NOT NULL,
  `name` varchar(50) NOT NULL DEFAULT '',
  `restricted` int(1) NOT NULL,
  `description` text NOT NULL,
  `requires_driver_license` tinyint(1) NOT NULL
) ENGINE=InnoDB DEFAULT CHARSET=utf8;

-- --------------------------------------------------------

--
-- Tabellenstruktur für Tabelle `EventConfig`
--

CREATE TABLE `EventConfig` (
  `event_name` varchar(255) DEFAULT NULL,
  `buildup_start_date` int(11) DEFAULT NULL,
  `event_start_date` int(11) DEFAULT NULL,
  `event_end_date` int(11) DEFAULT NULL,
  `teardown_end_date` int(11) DEFAULT NULL,
  `event_welcome_msg` varchar(255) DEFAULT NULL
) ENGINE=InnoDB DEFAULT CHARSET=utf8;

-- --------------------------------------------------------

--
-- Tabellenstruktur für Tabelle `GroupPrivileges`
--

CREATE TABLE `GroupPrivileges` (
  `id` int(11) NOT NULL,
  `group_id` int(11) NOT NULL,
  `privilege_id` int(11) NOT NULL
) ENGINE=InnoDB DEFAULT CHARSET=utf8;

--
-- Daten für Tabelle `GroupPrivileges`
--

INSERT INTO `GroupPrivileges` (`id`, `group_id`, `privilege_id`) VALUES
(85, -7, 10),
(87, -7, 18),
(86, -7, 21),
(216, -6, 5),
(212, -6, 6),
(207, -6, 7),
(211, -6, 12),
(208, -6, 13),
(210, -6, 14),
(214, -6, 16),
(209, -6, 21),
(213, -6, 28),
(206, -6, 31),
(215, -6, 33),
(257, -6, 38),
(219, -5, 14),
(221, -5, 25),
(220, -5, 33),
(241, -4, 5),
(238, -4, 14),
(240, -4, 16),
(237, -4, 19),
(242, -4, 25),
(235, -4, 27),
(239, -4, 28),
(236, -4, 32),
(218, -4, 39),
(258, -3, 31),
(247, -2, 3),
(246, -2, 4),
(255, -2, 8),
(252, -2, 9),
(254, -2, 11),
(248, -2, 15),
(251, -2, 17),
(256, -2, 24),
(253, -2, 26),
(245, -2, 30),
(244, -2, 34),
(249, -2, 35),
(243, -2, 36),
(250, -2, 37),
(88, -1, 1),
(23, -1, 2),
(24, -1, 5);

-- --------------------------------------------------------

--
-- Tabellenstruktur für Tabelle `Groups`
--

CREATE TABLE `Groups` (
  `Name` varchar(35) NOT NULL,
  `UID` int(11) NOT NULL
) ENGINE=InnoDB DEFAULT CHARSET=utf8;

--
-- Daten für Tabelle `Groups`
--

INSERT INTO `Groups` (`Name`, `UID`) VALUES
('6-Developer', -7),
('5-Bürokrat', -6),
('4-Team Coordinator', -5),
('3-Shift Coordinator', -4),
('Shirt-Manager', -3),
('2-Engel', -2),
('1-Gast', -1);

-- --------------------------------------------------------

--
-- Tabellenstruktur für Tabelle `LogEntries`
--

CREATE TABLE `LogEntries` (
  `id` int(11) NOT NULL,
  `timestamp` int(11) NOT NULL,
  `nick` text NOT NULL,
  `message` text NOT NULL
) ENGINE=InnoDB DEFAULT CHARSET=utf8;

-- --------------------------------------------------------

--
-- Tabellenstruktur für Tabelle `Messages`
--

CREATE TABLE `Messages` (
  `id` int(11) NOT NULL,
  `Datum` int(11) NOT NULL,
  `SUID` int(11) NOT NULL DEFAULT '0',
  `RUID` int(11) NOT NULL DEFAULT '0',
  `isRead` char(1) NOT NULL DEFAULT 'N',
  `Text` text NOT NULL
) ENGINE=InnoDB DEFAULT CHARSET=utf8 COMMENT='Fuers interen Communikationssystem';

-- --------------------------------------------------------

--
-- Tabellenstruktur für Tabelle `NeededAngelTypes`
--

CREATE TABLE `NeededAngelTypes` (
  `id` int(11) NOT NULL,
  `room_id` int(11) DEFAULT NULL,
  `shift_id` int(11) DEFAULT NULL,
  `angel_type_id` int(11) NOT NULL,
  `count` int(11) NOT NULL
) ENGINE=InnoDB DEFAULT CHARSET=utf8;

-- --------------------------------------------------------

--
-- Tabellenstruktur für Tabelle `News`
--

CREATE TABLE `News` (
  `ID` int(11) NOT NULL,
  `Datum` int(11) NOT NULL,
  `Betreff` varchar(150) NOT NULL DEFAULT '',
  `Text` text NOT NULL,
  `UID` int(11) NOT NULL DEFAULT '0',
  `Treffen` tinyint(4) NOT NULL DEFAULT '0'
) ENGINE=InnoDB DEFAULT CHARSET=utf8;

-- --------------------------------------------------------

--
-- Tabellenstruktur für Tabelle `NewsComments`
--

CREATE TABLE `NewsComments` (
  `ID` bigint(11) NOT NULL,
  `Refid` int(11) NOT NULL DEFAULT '0',
  `Datum` datetime NOT NULL DEFAULT '0000-00-00 00:00:00',
  `Text` text NOT NULL,
  `UID` int(11) NOT NULL DEFAULT '0'
) ENGINE=InnoDB DEFAULT CHARSET=utf8;

-- --------------------------------------------------------

--
-- Tabellenstruktur für Tabelle `Privileges`
--

CREATE TABLE `Privileges` (
  `id` int(11) NOT NULL,
  `name` varchar(128) NOT NULL,
  `desc` varchar(1024) NOT NULL
) ENGINE=InnoDB DEFAULT CHARSET=utf8;

--
-- Daten für Tabelle `Privileges`
--

INSERT INTO `Privileges` (`id`, `name`, `desc`) VALUES
(1, 'start', 'Startseite für Gäste/Nicht eingeloggte User'),
(2, 'login', 'Logindialog'),
(3, 'news', 'Anzeigen der News-Seite'),
(4, 'logout', 'User darf sich ausloggen'),
(5, 'register', 'Einen neuen Engel registerieren'),
(6, 'admin_rooms', 'Räume administrieren'),
(7, 'admin_angel_types', 'Engel Typen administrieren'),
(8, 'user_settings', 'User profile settings'),
(9, 'user_messages', 'Writing and reading messages from user to user'),
(10, 'admin_groups', 'Manage usergroups and their rights'),
(11, 'user_questions', 'Let users ask questions'),
(12, 'admin_questions', 'Answer user''s questions'),
(13, 'admin_faq', 'Edit FAQs'),
(14, 'admin_news', 'Administrate the news section'),
(15, 'news_comments', 'User can comment news'),
(16, 'admin_user', 'Administrate the angels'),
(17, 'user_meetings', 'Lists meetings (news)'),
(18, 'admin_language', 'Translate the system'),
(19, 'admin_log', 'Display recent changes'),
(20, 'user_wakeup', 'User wakeup-service organization'),
(21, 'admin_import', 'Import rooms and shifts from pentabarf'),
(22, 'credits', 'View credits'),
(23, 'faq', 'View FAQ'),
(24, 'user_shifts', 'Signup for shifts'),
(25, 'user_shifts_admin', 'Signup other angels for shifts.'),
(26, 'user_myshifts', 'Allow angels to view their own shifts and cancel them.'),
(27, 'admin_arrive', 'Mark angels when they arrive.'),
(28, 'admin_shifts', 'Create shifts'),
(30, 'ical', 'iCal shift export'),
(31, 'admin_active', 'Mark angels as active and if they got a t-shirt.'),
(32, 'admin_free', 'Show a list of free/unemployed angels.'),
(33, 'admin_user_angeltypes', 'Confirm restricted angel types'),
(34, 'atom', ' Atom news export'),
(35, 'shifts_json_export', 'Export shifts in JSON format'),
(36, 'angeltypes', 'View angeltypes'),
(37, 'user_angeltypes', 'Join angeltypes.'),
(38, 'shifttypes', 'Administrate shift types'),
(39, 'admin_event_config', 'Allow editing event config');

-- --------------------------------------------------------

--
-- Tabellenstruktur für Tabelle `Questions`
--

CREATE TABLE `Questions` (
  `QID` bigint(20) NOT NULL,
  `UID` int(11) NOT NULL DEFAULT '0',
  `Question` text NOT NULL,
  `AID` int(11) DEFAULT NULL,
  `Answer` text
) ENGINE=InnoDB DEFAULT CHARSET=utf8 COMMENT='Fragen und Antworten';

-- --------------------------------------------------------

--
-- Tabellenstruktur für Tabelle `Room`
--

CREATE TABLE `Room` (
  `RID` int(11) NOT NULL,
  `Name` varchar(35) NOT NULL DEFAULT '',
  `Man` text,
  `FromPentabarf` char(1) NOT NULL DEFAULT 'N',
  `show` char(1) NOT NULL DEFAULT 'Y',
  `Number` int(11) DEFAULT NULL
) ENGINE=InnoDB DEFAULT CHARSET=utf8;

--
-- Daten für Tabelle `Room`
--

INSERT INTO `Room` (`RID`, `Name`, `Man`, `FromPentabarf`, `show`, `Number`) VALUES
(1, 'Testraum', NULL, '', 'Y', 0);

-- --------------------------------------------------------

--
-- Tabellenstruktur für Tabelle `ShiftEntry`
--

CREATE TABLE `ShiftEntry` (
  `id` int(11) NOT NULL,
  `SID` int(11) NOT NULL DEFAULT '0',
  `TID` int(11) NOT NULL DEFAULT '0',
  `UID` int(11) NOT NULL DEFAULT '0',
  `Comment` text,
  `freeload_comment` text,
  `freeloaded` tinyint(1) NOT NULL
) ENGINE=InnoDB DEFAULT CHARSET=utf8;

-- --------------------------------------------------------

--
-- Tabellenstruktur für Tabelle `Shifts`
--

CREATE TABLE `Shifts` (
  `SID` int(11) NOT NULL,
  `title` text,
  `shifttype_id` int(11) NOT NULL,
  `start` int(11) NOT NULL,
  `end` int(11) NOT NULL,
  `RID` int(11) NOT NULL DEFAULT '0',
  `URL` text,
  `PSID` int(11) DEFAULT NULL,
  `created_by_user_id` int(11) DEFAULT NULL,
  `created_at_timestamp` int(11) NOT NULL,
  `edited_by_user_id` int(11) DEFAULT NULL,
  `edited_at_timestamp` int(11) NOT NULL
) ENGINE=InnoDB DEFAULT CHARSET=utf8;

-- --------------------------------------------------------

--
-- Tabellenstruktur für Tabelle `ShiftTypes`
--

CREATE TABLE `ShiftTypes` (
  `id` int(11) NOT NULL,
  `name` varchar(255) NOT NULL,
  `angeltype_id` int(11) DEFAULT NULL,
  `description` text NOT NULL
) ENGINE=InnoDB DEFAULT CHARSET=utf8;

--
-- Daten für Tabelle `ShiftTypes`
--

INSERT INTO `ShiftTypes` (`id`, `name`, `angeltype_id`, `description`) VALUES
(4, 'Schichttyp1', NULL, '');

-- --------------------------------------------------------

--
-- Tabellenstruktur für Tabelle `UserAngelTypes`
--

CREATE TABLE `UserAngelTypes` (
  `id` int(11) NOT NULL,
  `user_id` int(11) NOT NULL,
  `angeltype_id` int(11) NOT NULL,
  `confirm_user_id` int(11) DEFAULT NULL,
  `coordinator` tinyint(1) NOT NULL
) ENGINE=InnoDB DEFAULT CHARSET=utf8;

-- --------------------------------------------------------

--
-- Tabellenstruktur für Tabelle `UserDriverLicenses`
--

CREATE TABLE `UserDriverLicenses` (
  `user_id` int(11) NOT NULL,
  `has_car` tinyint(1) NOT NULL,
  `has_license_car` tinyint(1) NOT NULL,
  `has_license_3_5t_transporter` tinyint(1) NOT NULL,
  `has_license_7_5t_truck` tinyint(1) NOT NULL,
  `has_license_12_5t_truck` tinyint(1) NOT NULL,
  `has_license_forklift` tinyint(1) NOT NULL
) ENGINE=InnoDB DEFAULT CHARSET=utf8;

--
-- Daten für Tabelle `UserDriverLicenses`
--

INSERT INTO `UserDriverLicenses` (`user_id`, `has_car`, `has_license_car`, `has_license_3_5t_transporter`, `has_license_7_5t_truck`, `has_license_12_5t_truck`, `has_license_forklift`) VALUES
(1, 1, 1, 1, 1, 1, 1);

-- --------------------------------------------------------

--
-- Tabellenstruktur für Tabelle `UserGroups`
--

CREATE TABLE `UserGroups` (
  `id` int(11) NOT NULL,
  `uid` int(11) NOT NULL,
  `group_id` int(11) NOT NULL
) ENGINE=InnoDB DEFAULT CHARSET=utf8;

--
-- Daten für Tabelle `UserGroups`
--

INSERT INTO `UserGroups` (`id`, `uid`, `group_id`) VALUES
(3, 1, -7),
(4, 1, -6),
(12, 1, -5),
(2, 1, -4),
(1, 1, -2);

--
-- Indizes der exportierten Tabellen
--

--
-- Indizes für die Tabelle `AngelTypes`
--
ALTER TABLE `AngelTypes`
  ADD PRIMARY KEY (`id`),
  ADD UNIQUE KEY `Name` (`name`);

--
-- Indizes für die Tabelle `GroupPrivileges`
--
ALTER TABLE `GroupPrivileges`
  ADD PRIMARY KEY (`id`),
  ADD KEY `group_id` (`group_id`,`privilege_id`),
  ADD KEY `privilege_id` (`privilege_id`);

--
-- Indizes für die Tabelle `Groups`
--
ALTER TABLE `Groups`
  ADD PRIMARY KEY (`UID`);

--
-- Indizes für die Tabelle `LogEntries`
--
ALTER TABLE `LogEntries`
  ADD PRIMARY KEY (`id`),
  ADD KEY `timestamp` (`timestamp`);

--
-- Indizes für die Tabelle `Messages`
--
ALTER TABLE `Messages`
  ADD PRIMARY KEY (`id`),
  ADD KEY `Datum` (`Datum`),
  ADD KEY `SUID` (`SUID`),
  ADD KEY `RUID` (`RUID`);

--
-- Indizes für die Tabelle `NeededAngelTypes`
--
ALTER TABLE `NeededAngelTypes`
  ADD PRIMARY KEY (`id`),
  ADD KEY `room_id` (`room_id`,`angel_type_id`),
  ADD KEY `shift_id` (`shift_id`),
  ADD KEY `angel_type_id` (`angel_type_id`);

--
-- Indizes für die Tabelle `News`
--
ALTER TABLE `News`
  ADD PRIMARY KEY (`ID`),
  ADD KEY `UID` (`UID`);

--
-- Indizes für die Tabelle `NewsComments`
--
ALTER TABLE `NewsComments`
  ADD PRIMARY KEY (`ID`),
  ADD KEY `Refid` (`Refid`),
  ADD KEY `UID` (`UID`);

--
-- Indizes für die Tabelle `Privileges`
--
ALTER TABLE `Privileges`
  ADD PRIMARY KEY (`id`),
  ADD UNIQUE KEY `name` (`name`);

--
-- Indizes für die Tabelle `Questions`
--
ALTER TABLE `Questions`
  ADD PRIMARY KEY (`QID`),
  ADD KEY `UID` (`UID`),
  ADD KEY `AID` (`AID`);

--
-- Indizes für die Tabelle `Room`
--
ALTER TABLE `Room`
  ADD PRIMARY KEY (`RID`),
  ADD UNIQUE KEY `Name` (`Name`);

--
-- Indizes für die Tabelle `ShiftEntry`
--
ALTER TABLE `ShiftEntry`
  ADD PRIMARY KEY (`id`),
  ADD KEY `TID` (`TID`),
  ADD KEY `UID` (`UID`),
  ADD KEY `SID` (`SID`,`TID`),
  ADD KEY `freeloaded` (`freeloaded`);

--
-- Indizes für die Tabelle `Shifts`
--
ALTER TABLE `Shifts`
  ADD PRIMARY KEY (`SID`),
  ADD UNIQUE KEY `PSID` (`PSID`),
  ADD KEY `RID` (`RID`),
  ADD KEY `shifttype_id` (`shifttype_id`),
  ADD KEY `created_by_user_id` (`created_by_user_id`),
  ADD KEY `edited_by_user_id` (`edited_by_user_id`);

--
-- Indizes für die Tabelle `ShiftTypes`
--
ALTER TABLE `ShiftTypes`
  ADD PRIMARY KEY (`id`),
  ADD KEY `angeltype_id` (`angeltype_id`);

--
-- Indizes für die Tabelle `UserAngelTypes`
--
ALTER TABLE `UserAngelTypes`
  ADD PRIMARY KEY (`id`),
  ADD KEY `user_id` (`user_id`,`angeltype_id`,`confirm_user_id`),
  ADD KEY `angeltype_id` (`angeltype_id`),
  ADD KEY `confirm_user_id` (`confirm_user_id`),
  ADD KEY `coordinator` (`coordinator`);

--
-- Indizes für die Tabelle `UserDriverLicenses`
--
ALTER TABLE `UserDriverLicenses`
  ADD PRIMARY KEY (`user_id`);

--
-- Indizes für die Tabelle `UserGroups`
--
ALTER TABLE `UserGroups`
  ADD PRIMARY KEY (`id`),
  ADD KEY `uid` (`uid`,`group_id`),
  ADD KEY `group_id` (`group_id`);

--
-- AUTO_INCREMENT für exportierte Tabellen
--

--
-- AUTO_INCREMENT für Tabelle `AngelTypes`
--
ALTER TABLE `AngelTypes`
  MODIFY `id` int(11) NOT NULL AUTO_INCREMENT, AUTO_INCREMENT=4;
--
-- AUTO_INCREMENT für Tabelle `GroupPrivileges`
--
ALTER TABLE `GroupPrivileges`
  MODIFY `id` int(11) NOT NULL AUTO_INCREMENT, AUTO_INCREMENT=259;
--
-- AUTO_INCREMENT für Tabelle `LogEntries`
--
ALTER TABLE `LogEntries`
  MODIFY `id` int(11) NOT NULL AUTO_INCREMENT;
--
-- AUTO_INCREMENT für Tabelle `Messages`
--
ALTER TABLE `Messages`
  MODIFY `id` int(11) NOT NULL AUTO_INCREMENT;
--
-- AUTO_INCREMENT für Tabelle `NeededAngelTypes`
--
ALTER TABLE `NeededAngelTypes`
  MODIFY `id` int(11) NOT NULL AUTO_INCREMENT;
--
-- AUTO_INCREMENT für Tabelle `News`
--
ALTER TABLE `News`
  MODIFY `ID` int(11) NOT NULL AUTO_INCREMENT;
--
-- AUTO_INCREMENT für Tabelle `NewsComments`
--
ALTER TABLE `NewsComments`
  MODIFY `ID` bigint(11) NOT NULL AUTO_INCREMENT;
--
-- AUTO_INCREMENT für Tabelle `Privileges`
--
ALTER TABLE `Privileges`
  MODIFY `id` int(11) NOT NULL AUTO_INCREMENT, AUTO_INCREMENT=40;
--
-- AUTO_INCREMENT für Tabelle `Questions`
--
ALTER TABLE `Questions`
  MODIFY `QID` bigint(20) NOT NULL AUTO_INCREMENT;
--
-- AUTO_INCREMENT für Tabelle `Room`
--
ALTER TABLE `Room`
  MODIFY `RID` int(11) NOT NULL AUTO_INCREMENT, AUTO_INCREMENT=2;
--
-- AUTO_INCREMENT für Tabelle `ShiftEntry`
--
ALTER TABLE `ShiftEntry`
  MODIFY `id` int(11) NOT NULL AUTO_INCREMENT, AUTO_INCREMENT=2;
--
-- AUTO_INCREMENT für Tabelle `Shifts`
--
ALTER TABLE `Shifts`
  MODIFY `SID` int(11) NOT NULL AUTO_INCREMENT, AUTO_INCREMENT=13;
--
-- AUTO_INCREMENT für Tabelle `ShiftTypes`
--
ALTER TABLE `ShiftTypes`
  MODIFY `id` int(11) NOT NULL AUTO_INCREMENT, AUTO_INCREMENT=5;
--
-- AUTO_INCREMENT für Tabelle `UserAngelTypes`
--
ALTER TABLE `UserAngelTypes`
  MODIFY `id` int(11) NOT NULL AUTO_INCREMENT, AUTO_INCREMENT=2;
--
-- AUTO_INCREMENT für Tabelle `UserGroups`
--
ALTER TABLE `UserGroups`
  MODIFY `id` int(11) NOT NULL AUTO_INCREMENT, AUTO_INCREMENT=13;
--
-- Constraints der exportierten Tabellen
--

--
-- Constraints der Tabelle `GroupPrivileges`
--
ALTER TABLE `GroupPrivileges`
  ADD CONSTRAINT `groupprivileges_ibfk_1` FOREIGN KEY (`group_id`) REFERENCES `Groups` (`UID`) ON DELETE CASCADE ON UPDATE CASCADE,
  ADD CONSTRAINT `groupprivileges_ibfk_2` FOREIGN KEY (`privilege_id`) REFERENCES `Privileges` (`id`) ON DELETE CASCADE ON UPDATE CASCADE;

--
-- Constraints der Tabelle `Messages`
--
ALTER TABLE `Messages`
  ADD CONSTRAINT `messages_ibfk_1` FOREIGN KEY (`SUID`) REFERENCES `User` (`UID`) ON DELETE CASCADE ON UPDATE CASCADE,
  ADD CONSTRAINT `messages_ibfk_2` FOREIGN KEY (`RUID`) REFERENCES `User` (`UID`) ON DELETE CASCADE ON UPDATE CASCADE;

--
-- Constraints der Tabelle `NeededAngelTypes`
--
ALTER TABLE `NeededAngelTypes`
  ADD CONSTRAINT `neededangeltypes_ibfk_1` FOREIGN KEY (`room_id`) REFERENCES `Room` (`RID`) ON DELETE CASCADE ON UPDATE CASCADE,
  ADD CONSTRAINT `neededangeltypes_ibfk_2` FOREIGN KEY (`shift_id`) REFERENCES `Shifts` (`SID`) ON DELETE CASCADE ON UPDATE CASCADE,
  ADD CONSTRAINT `neededangeltypes_ibfk_3` FOREIGN KEY (`angel_type_id`) REFERENCES `AngelTypes` (`id`) ON DELETE CASCADE ON UPDATE CASCADE;

--
-- Constraints der Tabelle `News`
--
ALTER TABLE `News`
  ADD CONSTRAINT `news_ibfk_1` FOREIGN KEY (`UID`) REFERENCES `User` (`UID`) ON DELETE CASCADE ON UPDATE CASCADE;

--
-- Constraints der Tabelle `NewsComments`
--
ALTER TABLE `NewsComments`
  ADD CONSTRAINT `newscomments_ibfk_1` FOREIGN KEY (`Refid`) REFERENCES `News` (`ID`) ON DELETE CASCADE ON UPDATE CASCADE,
  ADD CONSTRAINT `newscomments_ibfk_2` FOREIGN KEY (`UID`) REFERENCES `User` (`UID`) ON DELETE CASCADE ON UPDATE CASCADE;

--
-- Constraints der Tabelle `Questions`
--
ALTER TABLE `Questions`
  ADD CONSTRAINT `questions_ibfk_1` FOREIGN KEY (`UID`) REFERENCES `User` (`UID`) ON DELETE CASCADE ON UPDATE CASCADE,
  ADD CONSTRAINT `questions_ibfk_2` FOREIGN KEY (`AID`) REFERENCES `User` (`UID`) ON DELETE CASCADE ON UPDATE CASCADE;

--
-- Constraints der Tabelle `ShiftEntry`
--
ALTER TABLE `ShiftEntry`
  ADD CONSTRAINT `shiftentry_ibfk_1` FOREIGN KEY (`SID`) REFERENCES `Shifts` (`SID`) ON DELETE CASCADE ON UPDATE CASCADE,
  ADD CONSTRAINT `shiftentry_ibfk_2` FOREIGN KEY (`UID`) REFERENCES `User` (`UID`) ON DELETE CASCADE ON UPDATE CASCADE,
  ADD CONSTRAINT `shiftentry_ibfk_3` FOREIGN KEY (`TID`) REFERENCES `AngelTypes` (`id`) ON DELETE CASCADE ON UPDATE CASCADE;

--
-- Constraints der Tabelle `Shifts`
--
ALTER TABLE `Shifts`
  ADD CONSTRAINT `shifts_ibfk_1` FOREIGN KEY (`RID`) REFERENCES `Room` (`RID`) ON DELETE CASCADE ON UPDATE CASCADE,
  ADD CONSTRAINT `shifts_ibfk_2` FOREIGN KEY (`shifttype_id`) REFERENCES `ShiftTypes` (`id`) ON DELETE CASCADE ON UPDATE CASCADE,
  ADD CONSTRAINT `shifts_ibfk_3` FOREIGN KEY (`created_by_user_id`) REFERENCES `User` (`UID`) ON DELETE SET NULL ON UPDATE CASCADE,
  ADD CONSTRAINT `shifts_ibfk_4` FOREIGN KEY (`edited_by_user_id`) REFERENCES `User` (`UID`) ON DELETE SET NULL ON UPDATE CASCADE;

--
-- Constraints der Tabelle `ShiftTypes`
--
ALTER TABLE `ShiftTypes`
  ADD CONSTRAINT `shifttypes_ibfk_1` FOREIGN KEY (`angeltype_id`) REFERENCES `AngelTypes` (`id`) ON DELETE CASCADE ON UPDATE CASCADE;

--
-- Constraints der Tabelle `UserAngelTypes`
--
ALTER TABLE `UserAngelTypes`
  ADD CONSTRAINT `userangeltypes_ibfk_1` FOREIGN KEY (`user_id`) REFERENCES `User` (`UID`) ON DELETE CASCADE ON UPDATE CASCADE,
  ADD CONSTRAINT `userangeltypes_ibfk_2` FOREIGN KEY (`angeltype_id`) REFERENCES `AngelTypes` (`id`) ON DELETE CASCADE ON UPDATE CASCADE,
  ADD CONSTRAINT `userangeltypes_ibfk_3` FOREIGN KEY (`confirm_user_id`) REFERENCES `User` (`UID`) ON DELETE SET NULL ON UPDATE CASCADE;

--
-- Constraints der Tabelle `UserDriverLicenses`
--
ALTER TABLE `UserDriverLicenses`
  ADD CONSTRAINT `userdriverlicenses_ibfk_1` FOREIGN KEY (`user_id`) REFERENCES `User` (`UID`) ON DELETE CASCADE ON UPDATE CASCADE;

--
-- Constraints der Tabelle `UserGroups`
--
ALTER TABLE `UserGroups`
  ADD CONSTRAINT `usergroups_ibfk_1` FOREIGN KEY (`group_id`) REFERENCES `Groups` (`UID`) ON DELETE CASCADE ON UPDATE CASCADE,
  ADD CONSTRAINT `usergroups_ibfk_2` FOREIGN KEY (`uid`) REFERENCES `User` (`UID`) ON DELETE CASCADE ON UPDATE CASCADE;
